{"id":45,"date":"2025-02-18T01:57:44","date_gmt":"2025-02-18T01:57:44","guid":{"rendered":"https:\/\/xehoivungtau.com\/?page_id=45"},"modified":"2025-02-18T01:57:44","modified_gmt":"2025-02-18T01:57:44","slug":"bao-duong","status":"publish","type":"page","link":"https:\/\/xehoivungtau.com\/?page_id=45","title":{"rendered":"B\u1ea2O D\u01af\u1ee0NG"},"content":{"rendered":"\n<p>Xe \u00f4 t\u00f4 sau 1 th\u1eddi gian s\u1eed d\u1ee5ng \u0111\u1ec1u c\u1ea7n \u0111\u1ebfn ho\u1ea1t \u0111\u1ed9ng b\u1ea3o d\u01b0\u1ee1ng v\u00e0 ki\u1ec3m tra t\u1ed5ng th\u1ec3. Qu\u00e1 tr\u00ecnh b\u1ea3o d\u01b0\u1ee1ng \u00f4 t\u00f4 l\u00e0 nh\u1eb1m m\u1ee5c \u0111\u00edch \u0111\u1ea3m b\u1ea3o c\u00e1c b\u1ed9 ph\u1eadn tr\u00ean xe ho\u1ea1t \u0111\u1ed9ng \u1ed5n \u0111\u1ecbnh v\u00e0 an to\u00e0n.<\/p>\n\n\n\n<p>Trong qu\u00e1 tr\u00ecnh s\u1eed d\u1ee5ng xe, b\u1ea3o d\u01b0\u1ee1ng \u00f4 t\u00f4 \u0111\u1ecbnh k\u1ef3 l\u00e0 vi\u1ec7c l\u00e0m t\u1ea5t y\u1ebfu, \u0111\u1ea3m b\u1ea3o t\u00ednh \u1ed5n \u0111\u1ecbnh v\u00e0 an to\u00e0n khi l\u01b0u th\u00f4ng tr\u00ean \u0111\u01b0\u1eddng. Vi\u1ec7c b\u1ea3o d\u01b0\u1ee1ng xe mang l\u1ea1i nh\u1eefng l\u1ee3i \u00edch kh\u00f4ng th\u1ec3 ph\u1ee7 nh\u1eadn, bao g\u1ed3m:<\/p>\n\n\n\n<ul class=\"wp-block-list\">\n<li><strong>Ti\u1ebft ki\u1ec7m chi ph\u00ed s\u1eeda ch\u1eefa:<\/strong>\u00a0B\u1ea3o d\u01b0\u1ee1ng \u00f4 t\u00f4 \u0111\u1ecbnh k\u1ef3 gi\u00fap b\u1ea1n ph\u00e1t hi\u1ec7n v\u00e0 kh\u1eafc ph\u1ee5c s\u1edbm c\u00e1c l\u1ed7i nh\u1ecf tr\u01b0\u1edbc khi ch\u00fang tr\u1edf th\u00e0nh v\u1ea5n \u0111\u1ec1 l\u1edbn v\u00e0 t\u1ed1n ti\u1ec1n h\u01a1n. Ch\u1eb3ng h\u1ea1n, b\u1ea1n n\u00ean thay d\u1ea7u \u0111\u1ed9ng c\u01a1 \u0111\u1ecbnh k\u1ef3, ki\u1ec3m tra v\u00e0 thay th\u1ebf c\u00e1c b\u1ed9 ph\u1eadn l\u1ecdc kh\u00f4ng kh\u00ed, l\u1ecdc d\u1ea7u v\u00e0 l\u1ecdc nhi\u00ean li\u1ec7u. Ki\u1ec3m tra \u0111\u1ecbnh k\u1ef3 c\u00e1c b\u1ed9 ph\u1eadn n\u00e0y s\u1ebd gi\u00fap \u0111\u1ed9ng c\u01a1 duy tr\u00ec hi\u1ec7u su\u1ea5t t\u1ed1i \u01b0u v\u00e0 gi\u1ea3m nguy c\u01a1 h\u1ecfng h\u00f3c \u0111\u1ed9t ng\u1ed9t.<\/li>\n\n\n\n<li><strong>N\u00e2ng cao \u0111\u1ed9 b\u1ec1n v\u00e0 tu\u1ed5i th\u1ecd xe:<\/strong>\u00a0C\u00e1c m\u1ed1i l\u1eafp gh\u00e9p tr\u00ean xe sau m\u1ed9t th\u1eddi gian s\u1eed d\u1ee5ng c\u00f3 xu h\u01b0\u1edbng b\u1ecb b\u00e0o m\u00f2n. Vi\u1ec7c ki\u1ec3m tra th\u01b0\u1eddng xuy\u00ean nh\u1eb1m \u0111\u1ea3m b\u1ea3o b\u1ed9 ph\u1eadn c\u1ee7a xe lu\u00f4n ho\u1ea1t \u0111\u1ed9ng \u0111\u00fang c\u00e1ch v\u00e0 tr\u00e1nh hao m\u00f2n qu\u00e1 nhanh. Nh\u1edd \u0111\u00f3, xe \u00f4 t\u00f4 tr\u1edf n\u00ean b\u1ec1n h\u01a1n, m\u00e1y ch\u1ea1y \u1ed5n \u0111\u1ecbnh v\u00e0 \u00eam h\u01a1n.<\/li>\n\n\n\n<li><strong>\u0110\u1ea3m b\u1ea3o \u0111\u1ed9 an to\u00e0n:\u00a0<\/strong>Qu\u00e1 tr\u00ecnh b\u1ea3o d\u01b0\u1ee1ng bao g\u1ed3m ki\u1ec3m tra t\u00ecnh tr\u1ea1ng c\u1ee7a h\u1ec7 th\u1ed1ng phanh, h\u1ec7 th\u1ed1ng l\u00e1i, v\u00e0 c\u00e1c b\u1ed9 ph\u1eadn quan tr\u1ecdng kh\u00e1c c\u1ee7a xe. \u0110i\u1ec1u n\u00e0y gi\u00fap xe v\u1eadn h\u00e0nh an to\u00e0n v\u00e0 h\u1ec7 th\u1ed1ng phanh c\u00f3 kh\u1ea3 n\u0103ng ph\u1ea3n \u1ee9ng t\u1ed1t trong tr\u01b0\u1eddng h\u1ee3p s\u1eed d\u1ee5ng kh\u1ea9n c\u1ea5p.<\/li>\n\n\n\n<li><strong>T\u00e2m l\u00fd tho\u1ea3i m\u00e1i khi l\u00e1i xe:\u00a0<\/strong>Khi bi\u1ebft r\u1eb1ng xe \u00f4 t\u00f4 v\u1eabn \u0111ang trong t\u00ecnh tr\u1ea1ng t\u1ed1t v\u00e0 an to\u00e0n, b\u1ea1n s\u1ebd t\u1ef1 tin h\u01a1n khi l\u00e1i xe.<\/li>\n\n\n\n<li><strong>T\u0103ng gi\u00e1 tr\u1ecb khi b\u00e1n xe:\u00a0<\/strong>Th\u01b0\u1eddng nh\u1eefng xe tu\u00e2n th\u1ee7 nghi\u00eam ng\u1eb7t c\u00e1c l\u1ecbch b\u1ea3o d\u01b0\u1ee1ng \u00f4 t\u00f4 \u0111\u1ecbnh k\u1ef3 s\u1ebd c\u00f3 gi\u00e1 tr\u1ecb b\u00e1n l\u1ea1i cao h\u01a1n so v\u1edbi c\u00e1c \u00f4 t\u00f4 kh\u00f4ng b\u1ea3o d\u01b0\u1ee1ng \u0111\u00fang c\u00e1ch. Do xe \u0111\u01b0\u1ee3c b\u1ea3o d\u01b0\u1ee1ng \u0111\u1ecbnh k\u1ef3 \u0111\u00fang c\u00e1ch s\u1ebd kh\u00f4ng b\u1ecb hao m\u00f2n, h\u01b0 h\u1ecfng ph\u1ee5 t\u00f9ng. Nh\u1eefng xe v\u1edbi kh\u1ea3 n\u0103ng v\u1eadn h\u00e0nh t\u1ed1t, \u1ed5n \u0111\u1ecbnh, kh\u00f4ng c\u00f3 ti\u1ebfng \u1ed3n s\u1ebd c\u00f3 gi\u00e1 cao h\u01a1n.<\/li>\n<\/ul>\n\n\n\n<p><strong>Khi n\u00e0o xe c\u1ea7n b\u1ea3o d\u01b0\u1ee1ng?<\/strong><\/p>\n\n\n\n<p>Th\u1eddi \u0111i\u1ec3m b\u1ea3o d\u01b0\u1ee1ng \u00f4 t\u00f4 t\u00f9y thu\u1ed9c v\u00e0o m\u1ee9c \u0111\u1ed9 s\u1eed d\u1ee5ng c\u0169ng nh\u01b0 d\u00f2ng xe m\u00e0 b\u1ea1n d\u00f9ng. V\u1ec1 c\u01a1 b\u1ea3n, b\u1ea1n c\u1ea7n b\u1ea3o d\u01b0\u1ee1ng xe \u00f4 t\u00f4 \u1edf c\u00e1c th\u1eddi \u0111i\u1ec3m sau:<\/p>\n\n\n\n<ul class=\"wp-block-list\">\n<li>Theo \u0111\u1ecbnh k\u1ef3 \u0111\u01b0\u1ee3c quy \u0111\u1ecbnh trong h\u01b0\u1edbng d\u1eabn c\u1ee7a nh\u00e0 s\u1ea3n xu\u1ea5t xe. Ch\u1eb3ng h\u1ea1n nh\u01b0 5.000km, 10.000km\u2026 th\u00ec b\u1ea1n c\u1ea7n mang xe \u0111i ki\u1ec3m tra to\u00e0n di\u1ec7n.<\/li>\n\n\n\n<li>N\u1ebfu xe ch\u01b0a \u0111\u1ebfn th\u1eddi gian b\u1ea3o d\u01b0\u1ee1ng theo quy \u0111\u1ecbnh nh\u01b0ng xu\u1ea5t hi\u1ec7n ti\u1ebfng \u1ed3n l\u1ea1, m\u00f9i kh\u00f3 ch\u1ecbu hay rung l\u1eafc b\u1ea5t th\u01b0\u1eddng khi di chuy\u1ec3n. \u0110\u00e2y l\u00e0 nh\u1eefng d\u1ea5u hi\u1ec7u c\u1ea3nh b\u00e1o xe \u0111ang g\u1eb7p v\u1ea5n \u0111\u1ec1. L\u00fac n\u00e0y, b\u1ea1n n\u00ean mang xe \u0111\u1ebfn trung t\u00e2m b\u1ea3o d\u01b0\u1ee1ng \u0111\u1ec3 ki\u1ec3m tra.<\/li>\n\n\n\n<li>N\u1ebfu th\u01b0\u1eddng xuy\u00ean s\u1eed d\u1ee5ng xe trong \u0111i\u1ec1u ki\u1ec7n th\u1eddi ti\u1ebft x\u1ea5u, \u0111\u01b0\u1eddng ng\u1eadp l\u1ee5t, b\u1ea1n c\u0169ng c\u1ea7n mang xe \u0111i b\u1ea3o d\u01b0\u1ee1ng. Qu\u00e1 tr\u00ecnh b\u1ea3o d\u01b0\u1ee1ng n\u00e0y s\u1ebd gi\u00fap b\u1ea1n ki\u1ec3m tra, tr\u00e1nh vi\u1ec7c n\u01b0\u1edbc v\u00e0o l\u00e0m h\u1ecfng \u0111\u1ed9ng c\u01a1.<\/li>\n<\/ul>\n\n\n\n<p><\/p>\n\n\n\n<p><\/p>\n","protected":false},"excerpt":{"rendered":"<p>Xe \u00f4 t\u00f4 sau 1 th\u1eddi gian s\u1eed d\u1ee5ng \u0111\u1ec1u c\u1ea7n \u0111\u1ebfn ho\u1ea1t \u0111\u1ed9ng b\u1ea3o d\u01b0\u1ee1ng v\u00e0 ki\u1ec3m tra t\u1ed5ng th\u1ec3. Qu\u00e1 tr\u00ecnh b\u1ea3o d\u01b0\u1ee1ng \u00f4 t\u00f4 l\u00e0 nh\u1eb1m m\u1ee5c \u0111\u00edch \u0111\u1ea3m b\u1ea3o c\u00e1c b\u1ed9 ph\u1eadn tr\u00ean xe ho\u1ea1t \u0111\u1ed9ng \u1ed5n \u0111\u1ecbnh v\u00e0 an to\u00e0n. Trong qu\u00e1 tr\u00ecnh s\u1eed d\u1ee5ng xe, b\u1ea3o d\u01b0\u1ee1ng \u00f4 t\u00f4&#8230; <\/p>\n","protected":false},"author":1,"featured_media":0,"parent":0,"menu_order":0,"comment_status":"closed","ping_status":"closed","template":"","meta":{"footnotes":""},"class_list":["post-45","page","type-page","status-publish","hentry"],"yoast_head":"<!-- This site is optimized with the Yoast SEO plugin v27.4 - https:\/\/yoast.com\/product\/yoast-seo-wordpress\/ -->\n<title>B\u1ea2O D\u01af\u1ee0NG - Vung Tau Auto<\/title>\n<meta name=\"robots\" content=\"index, follow, max-snippet:-1, max-image-preview:large, max-video-preview:-1\" \/>\n<link rel=\"canonical\" href=\"https:\/\/xehoivungtau.com\/?page_id=45\" \/>\n<meta property=\"og:locale\" content=\"vi_VN\" \/>\n<meta property=\"og:type\" content=\"article\" \/>\n<meta property=\"og:title\" content=\"B\u1ea2O D\u01af\u1ee0NG - Vung Tau Auto\" \/>\n<meta property=\"og:description\" content=\"Xe \u00f4 t\u00f4 sau 1 th\u1eddi gian s\u1eed d\u1ee5ng \u0111\u1ec1u c\u1ea7n \u0111\u1ebfn ho\u1ea1t \u0111\u1ed9ng b\u1ea3o d\u01b0\u1ee1ng v\u00e0 ki\u1ec3m tra t\u1ed5ng th\u1ec3. Qu\u00e1 tr\u00ecnh b\u1ea3o d\u01b0\u1ee1ng \u00f4 t\u00f4 l\u00e0 nh\u1eb1m m\u1ee5c \u0111\u00edch \u0111\u1ea3m b\u1ea3o c\u00e1c b\u1ed9 ph\u1eadn tr\u00ean xe ho\u1ea1t \u0111\u1ed9ng \u1ed5n \u0111\u1ecbnh v\u00e0 an to\u00e0n. Trong qu\u00e1 tr\u00ecnh s\u1eed d\u1ee5ng xe, b\u1ea3o d\u01b0\u1ee1ng \u00f4 t\u00f4...\" \/>\n<meta property=\"og:url\" content=\"https:\/\/xehoivungtau.com\/?page_id=45\" \/>\n<meta property=\"og:site_name\" content=\"Vung Tau Auto\" \/>\n<meta property=\"article:publisher\" content=\"https:\/\/www.facebook.com\/xehoivungtau688\" \/>\n<meta name=\"twitter:card\" content=\"summary_large_image\" \/>\n<meta name=\"twitter:site\" content=\"@xehoivt\" \/>\n<meta name=\"twitter:label1\" content=\"\u01af\u1edbc t\u00ednh th\u1eddi gian \u0111\u1ecdc\" \/>\n\t<meta name=\"twitter:data1\" content=\"4 ph\u00fat\" \/>\n<script type=\"application\/ld+json\" class=\"yoast-schema-graph\">{\"@context\":\"https:\\\/\\\/schema.org\",\"@graph\":[{\"@type\":\"WebPage\",\"@id\":\"https:\\\/\\\/xehoivungtau.com\\\/?page_id=45\",\"url\":\"https:\\\/\\\/xehoivungtau.com\\\/?page_id=45\",\"name\":\"B\u1ea2O D\u01af\u1ee0NG - Vung Tau Auto\",\"isPartOf\":{\"@id\":\"https:\\\/\\\/xehoivungtau.com\\\/#website\"},\"datePublished\":\"2025-02-18T01:57:44+00:00\",\"breadcrumb\":{\"@id\":\"https:\\\/\\\/xehoivungtau.com\\\/?page_id=45#breadcrumb\"},\"inLanguage\":\"vi\",\"potentialAction\":[{\"@type\":\"ReadAction\",\"target\":[\"https:\\\/\\\/xehoivungtau.com\\\/?page_id=45\"]}]},{\"@type\":\"BreadcrumbList\",\"@id\":\"https:\\\/\\\/xehoivungtau.com\\\/?page_id=45#breadcrumb\",\"itemListElement\":[{\"@type\":\"ListItem\",\"position\":1,\"name\":\"Trang ch\u1ee7\",\"item\":\"https:\\\/\\\/xehoivungtau.com\\\/\"},{\"@type\":\"ListItem\",\"position\":2,\"name\":\"B\u1ea2O D\u01af\u1ee0NG\"}]},{\"@type\":\"WebSite\",\"@id\":\"https:\\\/\\\/xehoivungtau.com\\\/#website\",\"url\":\"https:\\\/\\\/xehoivungtau.com\\\/\",\"name\":\"Xe H\u01a1i V\u0169ng T\u00e0u\",\"description\":\"Garage s\u1eeda ch\u1eefa \u00f4 t\u00f4 chuy\u00ean nghi\u1ec7p\",\"publisher\":{\"@id\":\"https:\\\/\\\/xehoivungtau.com\\\/#organization\"},\"potentialAction\":[{\"@type\":\"SearchAction\",\"target\":{\"@type\":\"EntryPoint\",\"urlTemplate\":\"https:\\\/\\\/xehoivungtau.com\\\/?s={search_term_string}\"},\"query-input\":{\"@type\":\"PropertyValueSpecification\",\"valueRequired\":true,\"valueName\":\"search_term_string\"}}],\"inLanguage\":\"vi\"},{\"@type\":\"Organization\",\"@id\":\"https:\\\/\\\/xehoivungtau.com\\\/#organization\",\"name\":\"C\u00f4ng ty Xe H\u01a1i V\u0169ng T\u00e0u\",\"url\":\"https:\\\/\\\/xehoivungtau.com\\\/\",\"logo\":{\"@type\":\"ImageObject\",\"inLanguage\":\"vi\",\"@id\":\"https:\\\/\\\/xehoivungtau.com\\\/#\\\/schema\\\/logo\\\/image\\\/\",\"url\":\"https:\\\/\\\/xehoivungtau.com\\\/wp-content\\\/uploads\\\/2025\\\/02\\\/cropped-icon.png\",\"contentUrl\":\"https:\\\/\\\/xehoivungtau.com\\\/wp-content\\\/uploads\\\/2025\\\/02\\\/cropped-icon.png\",\"width\":512,\"height\":512,\"caption\":\"C\u00f4ng ty Xe H\u01a1i V\u0169ng T\u00e0u\"},\"image\":{\"@id\":\"https:\\\/\\\/xehoivungtau.com\\\/#\\\/schema\\\/logo\\\/image\\\/\"},\"sameAs\":[\"https:\\\/\\\/www.facebook.com\\\/xehoivungtau688\",\"https:\\\/\\\/x.com\\\/xehoivt\"]}]}<\/script>\n<!-- \/ Yoast SEO plugin. -->","yoast_head_json":{"title":"B\u1ea2O D\u01af\u1ee0NG - Vung Tau Auto","robots":{"index":"index","follow":"follow","max-snippet":"max-snippet:-1","max-image-preview":"max-image-preview:large","max-video-preview":"max-video-preview:-1"},"canonical":"https:\/\/xehoivungtau.com\/?page_id=45","og_locale":"vi_VN","og_type":"article","og_title":"B\u1ea2O D\u01af\u1ee0NG - Vung Tau Auto","og_description":"Xe \u00f4 t\u00f4 sau 1 th\u1eddi gian s\u1eed d\u1ee5ng \u0111\u1ec1u c\u1ea7n \u0111\u1ebfn ho\u1ea1t \u0111\u1ed9ng b\u1ea3o d\u01b0\u1ee1ng v\u00e0 ki\u1ec3m tra t\u1ed5ng th\u1ec3. Qu\u00e1 tr\u00ecnh b\u1ea3o d\u01b0\u1ee1ng \u00f4 t\u00f4 l\u00e0 nh\u1eb1m m\u1ee5c \u0111\u00edch \u0111\u1ea3m b\u1ea3o c\u00e1c b\u1ed9 ph\u1eadn tr\u00ean xe ho\u1ea1t \u0111\u1ed9ng \u1ed5n \u0111\u1ecbnh v\u00e0 an to\u00e0n. Trong qu\u00e1 tr\u00ecnh s\u1eed d\u1ee5ng xe, b\u1ea3o d\u01b0\u1ee1ng \u00f4 t\u00f4...","og_url":"https:\/\/xehoivungtau.com\/?page_id=45","og_site_name":"Vung Tau Auto","article_publisher":"https:\/\/www.facebook.com\/xehoivungtau688","twitter_card":"summary_large_image","twitter_site":"@xehoivt","twitter_misc":{"\u01af\u1edbc t\u00ednh th\u1eddi gian \u0111\u1ecdc":"4 ph\u00fat"},"schema":{"@context":"https:\/\/schema.org","@graph":[{"@type":"WebPage","@id":"https:\/\/xehoivungtau.com\/?page_id=45","url":"https:\/\/xehoivungtau.com\/?page_id=45","name":"B\u1ea2O D\u01af\u1ee0NG - Vung Tau Auto","isPartOf":{"@id":"https:\/\/xehoivungtau.com\/#website"},"datePublished":"2025-02-18T01:57:44+00:00","breadcrumb":{"@id":"https:\/\/xehoivungtau.com\/?page_id=45#breadcrumb"},"inLanguage":"vi","potentialAction":[{"@type":"ReadAction","target":["https:\/\/xehoivungtau.com\/?page_id=45"]}]},{"@type":"BreadcrumbList","@id":"https:\/\/xehoivungtau.com\/?page_id=45#breadcrumb","itemListElement":[{"@type":"ListItem","position":1,"name":"Trang ch\u1ee7","item":"https:\/\/xehoivungtau.com\/"},{"@type":"ListItem","position":2,"name":"B\u1ea2O D\u01af\u1ee0NG"}]},{"@type":"WebSite","@id":"https:\/\/xehoivungtau.com\/#website","url":"https:\/\/xehoivungtau.com\/","name":"Xe H\u01a1i V\u0169ng T\u00e0u","description":"Garage s\u1eeda ch\u1eefa \u00f4 t\u00f4 chuy\u00ean nghi\u1ec7p","publisher":{"@id":"https:\/\/xehoivungtau.com\/#organization"},"potentialAction":[{"@type":"SearchAction","target":{"@type":"EntryPoint","urlTemplate":"https:\/\/xehoivungtau.com\/?s={search_term_string}"},"query-input":{"@type":"PropertyValueSpecification","valueRequired":true,"valueName":"search_term_string"}}],"inLanguage":"vi"},{"@type":"Organization","@id":"https:\/\/xehoivungtau.com\/#organization","name":"C\u00f4ng ty Xe H\u01a1i V\u0169ng T\u00e0u","url":"https:\/\/xehoivungtau.com\/","logo":{"@type":"ImageObject","inLanguage":"vi","@id":"https:\/\/xehoivungtau.com\/#\/schema\/logo\/image\/","url":"https:\/\/xehoivungtau.com\/wp-content\/uploads\/2025\/02\/cropped-icon.png","contentUrl":"https:\/\/xehoivungtau.com\/wp-content\/uploads\/2025\/02\/cropped-icon.png","width":512,"height":512,"caption":"C\u00f4ng ty Xe H\u01a1i V\u0169ng T\u00e0u"},"image":{"@id":"https:\/\/xehoivungtau.com\/#\/schema\/logo\/image\/"},"sameAs":["https:\/\/www.facebook.com\/xehoivungtau688","https:\/\/x.com\/xehoivt"]}]}},"_links":{"self":[{"href":"https:\/\/xehoivungtau.com\/index.php?rest_route=\/wp\/v2\/pages\/45","targetHints":{"allow":["GET"]}}],"collection":[{"href":"https:\/\/xehoivungtau.com\/index.php?rest_route=\/wp\/v2\/pages"}],"about":[{"href":"https:\/\/xehoivungtau.com\/index.php?rest_route=\/wp\/v2\/types\/page"}],"author":[{"embeddable":true,"href":"https:\/\/xehoivungtau.com\/index.php?rest_route=\/wp\/v2\/users\/1"}],"replies":[{"embeddable":true,"href":"https:\/\/xehoivungtau.com\/index.php?rest_route=%2Fwp%2Fv2%2Fcomments&post=45"}],"version-history":[{"count":2,"href":"https:\/\/xehoivungtau.com\/index.php?rest_route=\/wp\/v2\/pages\/45\/revisions"}],"predecessor-version":[{"id":191,"href":"https:\/\/xehoivungtau.com\/index.php?rest_route=\/wp\/v2\/pages\/45\/revisions\/191"}],"wp:attachment":[{"href":"https:\/\/xehoivungtau.com\/index.php?rest_route=%2Fwp%2Fv2%2Fmedia&parent=45"}],"curies":[{"name":"wp","href":"https:\/\/api.w.org\/{rel}","templated":true}]}}